11733928?
1
What is the hundreds digit of 665981809?
8
What is the millions digit of 5919893226?
9
What is the ten thousands digit of 121777053?
7
What is the hundred millions digit of 871787783?
8
What is the hundreds digit of 105673289?
2
What is the hundreds digit of 42675307?
3
What is the hundred thousands digit of 516352561?
3
What is the hundred thousands digit of 35614970?
6
What is the tens digit of 35266446?
4
What is the ten thousands digit of 58751735?
5
What is the thousands digit of 323987699?
7
What is the hundred millions digit of 1561328144?
5
What is the hundred thousands digit of 20586217?
5
What is the units digit of 219076112?
2
What is the ten thousands digit of 285082086?
8
What is the billions digit of 2146575839?
2
What is the millions digit of 3392869098?
2
What is the ten thousands digit of 190522392?
2
What is the billions digit of 1260859954?
1
What is the hundred thousands digit of 53330518?
3
What is the ten millions digit of 357501501?
5
What is the ten millions digit of 536233732?
3
What is the hundred thousands digit of 438616802?
6
What is the hundreds digit of 44356780?
7
What is the hundred millions digit of 821791600?
8
What is the ten millions digit of 151725974?
5
What is the tens digit of 2257159819?
1
What is the units digit of 607041306?
6
What is the hundreds digit of 108555612?
6
What is the ten thousands digit of 26657017?
5
What is the hundred millions digit of 146515421?
1
What is the ten thousands digit of 1492276713?
7
What is the hundred thousands digit of 244112984?
1
What is the tens digit of 183053399?
9
What is the hundred thousands digit of 309797919?
7
What is the hundred millions digit of 1470699850?
4
What is the hundreds digit of 188132174?
1
What is the thousands digit of 286117487?
7
What is the ten thousands digit of 78413126?
1
What is the units digit of 1220948946?
6
What is the ten millions digit of 2526881233?
2
What is the millions digit of 17385194?
7
What is the tens digit of 303897489?
8
What is the hundred millions digit of 124418771?
1
What is the hundred thousands digit of 123811685?
8
What is the hundreds digit of 34140971?
9
What is the ten thousands digit of 168112167?
1
What is the thousands digit of 407263109?
3
What is the units digit of 2202047644?
4
What is the ten thousands digit of 271796843?
9
What is the hundreds digit of 531784926?
9
What is the ten millions digit of 65515935?
6
What is the hundred thousands digit of 812383808?
3
What is the units digit of 313957233?
3
What is the ten thousands digit of 50811554?
1
What is the millions digit of 1085581882?
5
What is the hundreds digit of 235451801?
8
What is the thousands digit of 78871185?
1
What is the hundreds digit of 175175857?
8
What is the hundred thousands digit of 374351333?
3
What is the hundreds digit of 787580646?
6
What is the thousands digit of 2234991142?
1
What is the hundred millions digit of 422734347?
4
What is the tens digit of 356410250?
5
What is the units digit of 79401754?
4
What is the hundreds digit of 1484172006?
0
What is the hundred thousands digit of 64436357?
4
What is the ten thousands digit of 62610610?
1
What is the thousands digit of 122835013?
5
What is the millions digit of 1038322226?
8
What is the hundred millions digit of 3178177533?
1
What is the hundred thousands digit of 56631389?
6
What is the tens digit of 65610171?
7
What is the units digit of 32459098?
8
What is the billions digit of 3316611860?
3
What is the ten millions digit of 89643325?
8
What is the millions digit of 14618941?
4
What is the ten millions digit of 129239737?
2
What is the hundred thousands digit of 107315716?
3
What is the ten millions digit of 2614278006?
1
What is the millions digit of 48461160?
8
What is the hundred thousands digit of 25345898?
3
What is the thousands digit of 3407027?
7
What is the ten millions digit of 1189493743?
8
What is the thousands digit of 808684196?
4
What is the hundred millions digit of 595677230?
5
What is the tens digit of 89952613?
1
What is the ten millions digit of 68968209?
6
What is the tens digit of 160393922?
2
What is the ten millions digit of 82332092?
8
What is the ten millions digit of 4244811255?
4
What is the ten thousands digit of 51045325?
4
What is the hundreds digit of 55915259?
2
What is the hundred millions digit of 1178572750?
1
What is the units digit of 2186812?
2
What is the hundred thousands digit of 22476898?
4
What is the millions digit of 55720067?
5
What is the ten thousands digit of 164764261?
6
What is the thousands digit of 63260532?
0
What is the millions digit of 92201366?
2
What is the thousands digit of 93106690?
6
What is the units digit of 318687615?
5
What is the hundred millions digit of 4616463769?
6
What is the tens digit of 15114633?
3
What is the hundred thousands digit of 35957345?
9
What is the tens digit of 1933640349?
4
What is the hundreds digit of 30112350?
3
What is the hundreds digit of 135519831?
8
What is the hundreds digit of 6217896634?
6
What is the hundred millions digit of 1586224597?
5
What is the units digit of 112767876?
6
What is the units digit of 2714560619?
9
What is the units digit of 746781897?
7
What is the units digit of 2418403637?
7
What is the hundred millions digit of 106820174?
1
What is the thousands digit of 2108659?
8
What is the tens digit of 826709288?
8
What is the tens digit of 168957478?
7
What is the ten thousands digit of 164148700?
4
What is the billions digit of 1531147082?
1
What is the hundred thousands digit of 373576133?
5
What is the hundred millions digit of 797872151?
7
What is the billions digit of 2130926216?
2
What is the millions digit of 1081458529?
1
What is the ten thousands digit of 27720034?
2
What is the ten thousands digit of 153886483?
8
What is the ten thousands digit of 518663286?
6
What is the ten thousands digit of 61717297?
1
What is the units digit of 2861563561?
1
What is the millions digit of 177582893?
7
What is the thousands digit of 20695324?
5
What is the hundred millions digit of 105609193?
1
What is the hundred millions digit of 420057977?
4
What is the hundreds digit of 52572583?
5
What is the ten millions digit of 601188569?
0
What is the ten thousands digit of 66322820?
2
What is the tens digit of 13530549?
4
What is the ten millions digit of 60917318?
6
What is the tens digit of 549657241?
4
What is the thousands digit of 609954?
9
What is the thousands digit of 7295467013?
7
What is the tens digit of 207685373?
7
What is the units digit of 259547068?
8
What is the ten thousands digit of 31311715?
1
What is the units digit of 3771228104?
4
What is the hundred millions digit of 1157579707?
1
What is the millions digit of 39322624?
9
What is the hundred millions digit of 340233822?
3
What is the hundred thousands digit of 72116087?
1
What is the hundreds digit of 1647503094?
0
What is the ten millions digit of 120383038?
2
What is the millions digit of 1106429482?
6
What is the hundreds digit of 784487082?
0
What is the hundred thousands digit of 105674046?
6
What is the tens digit of 2768980762?
6
What is the hundred millions digit of 279843517?
2
What is the units digit of 123665506?
6
What is the ten millions digit of 1083867311?
8
What is the thousands digit of 1457618653?
8
What is the units digit of 987469772?
2
What is the tens digit of 52107880?
8
What is the ten thousands digit of 81855320?
5
What is the hundred thousands digit of 1303621697?
6
What is the thousands digit of 51598359?
8
What is the millions digit of 1227541165?
7
What is the units digit of 85496864?
4
What is the ten millions digit of 443329747?
4
What is the ten thousands digit of 37469056?
6
What is the millions digit of 54775444?
4
What is the hundreds digit of 114377574?
5
What is the ten millions digit of 33032232?
3
What is the units digit of 4494315123?
3
What is the millions digit of 4991564169?
1
What is the tens digit of 258885382?
8
What is the hundreds digit of 48465385?
3
What is the tens digit of 449099?
9
What is the units digit of 135042284?
4
What is the hundreds digit of 131499648?
6
What is the hundreds digit of 243743671?
6
What is the hundred thousands digit of 78563014?
5
What is the millions digit of 2492472086?
2
What is the thousands d